s the tens digit of s?
8
Let a(d) = 35*d**2 + 3*d - 1. Let k(f) = f**2 + f. Let x(v) = a(v) - 3*k(v). Let t be x(-1). Let y = t - 20. What is the units digit of y?
1
Suppose -3*t = 2*o - 6*o + 157, 176 = -4*t - 3*o. Let s = 83 + t. Suppose -i + 0*i = -s. What is the units digit of i?
6
Let g = 108 + -190. Let t = -37 - g. What is the tens digit of t?
4
Let g(f) = f**3 + 6*f**2 + 5*f. What is the units digit of g(4)?
0
Let s(d) = -4*d**2 + 4*d - 3. Let g be s(-4). What is the tens digit of ((-3)/((-15)/g))/(2/(-10))?
8
Let d(b) = -10 - 6 - 1 + 1 + 28*b. What is the units digit of d(4)?
6
Suppose 0 = h + 3*i - 280 - 356, -4*h + 2560 = -4*i. Suppose -3*p + 4*a + 479 = -0*a, -4*p = -5*a - h. What is the hundreds digit of p?
1
Suppose 0 = 12*r - 2 - 10. Suppose -2*b = -0*b - 6. What is the units digit of 20 + (b/r - 5)?
8
Let c(o) = 9*o**2 - 17*o + 38. What is the hundreds digit of c(8)?
4
Let x(w) = 65*w - 228. What is the tens digit of x(14)?
8
Let a be (-4)/7 + (-32)/(-56). Suppose a = -0*v - 3*v + 4*f + 75, 2*f = 6. What is the units digit of v?
9
Suppose 4*z - 2*z - 6 = 0. Suppose -5*k = -o + 2*o + 365, -z*k - 4*o = 202. Let g = -53 - k. What is the tens digit of g?
2
Suppose -36*h = 2571 - 19131. What is the units digit of h?
0
Suppose -34*l = -40*l + 24. What is the tens digit of (195/(-10))/((-6)/l)?
1
Let b be (2/(-7))/(-2) - 13/(-7). What is the tens digit of b/(-4)*(-1980)/9?
1
Suppose 3*c = -2*c + 5*g - 5, -22 = 4*c + 5*g. Let v be (-2 + 3)*c - -6. Let z(b) = 3*b + 4. What is the units digit of z(v)?
3
Suppose 3*w - 8*n = -6*n + 1508, -5*n - 2510 = -5*w. What is the tens digit of w?
0
Let d(n) = 2*n**2 - 21*n - 11. Let o be (-3 - -3) + (-12 - 3)/(-1). What is the hundreds digit of d(o)?
1
Let n = 69 + 79. What is the hundreds digit of n?
1
What is the hundreds digit of (-10)/(3/3*(-4)/112)?
2
Let c(z) = -83*z + 127. What is the tens digit of c(-13)?
0
Let q = 1540 + -260. What is the thousands digit of q?
1
Let z = 333 + -227. What is the units digit of z?
6
Suppose 3 - 9 = -3*b. Suppose 193 - 19 = 3*f - 3*y, b*y = -4*f + 244. What is the units digit of f?
0
Let w(y) = 2*y + 37. Suppose 0 = -c - 0 - 15. What is the units digit of w(c)?
7
Suppose -w + 607 = 4*p, 0 = 5*w - 9*p + 10*p - 2959. What is the units digit of w?
1
Suppose -4*t - 2*i = 12, -i = -4*t + 3 - 21. Let q = t + 49. What is the units digit of q?
5
Suppose 419*m + 2748 = 423*m. What is the tens digit of m?
8
Let f = 8 + -5. Suppose -4 = t - f*t. Let u(v) = 8*v**2 - 4*v + 3. What is the units digit of u(t)?
7
Let k(x) = x - 3. Let s be k(8). What is the tens digit of 1/(s*1/165)?
3
Suppose 4*v = 3*y + 387, -4*v - 13 = 4*y - 393. What is the units digit of v?
6
Let q(f) = f**3 - 4*f**2 - 3*f - 6. Let k be q(5). Let y be (-36)/(-8)*k/6. What is the tens digit of y/15*3*25?
1
Suppose -3207 = -6*a - 267. What is the tens digit of a?
9
Suppose 3109 - 961 = 2*j. What is the tens digit of j?
7
Let p(q) be the second derivative of -4*q**5/5 - q**4/12 + q**2/2 + q. Let f be (-2)/3*(135/(-10))/(-9). What is the tens digit of p(f)?
1
Let n(y) be the third derivative of y**5/60 + y**4/3 + y**3/6 - 5*y**2. Let v be n(-4). Let u = -5 - v. What is the tens digit of u?
1
Let o = -413 + 1152. What is the units digit of o?
9
Suppose -13*f = -8*f - 1430. What is the tens digit of f?
8
Suppose 5*g - 4093 = 2*a, 12*a = -g + 7*a + 824. What is the hundreds digit of g?
8
Let l be (0/2)/1 + 73. Suppose -2*i - 3*o = -l, -2*i + 4*o + 80 = -0*i. What is the units digit of i?
8
Suppose 24 = 3*p + 5*f, 2*p - 16 = f - 4*f. What is the units digit of -2*(4 + (-148)/p)?
9
Suppose -3*q - 13 + 1468 = 0. What is the hundreds digit of q?
4
Let q = 4244 - 2723. What is the thousands digit of q?
1
Suppose -7*t + 2*t - l + 136 = 0, -5*t + 138 = 3*l. What is the tens digit of (-264)/(-9) + -3*(-6)/t?
3
Suppose -2*f + 4 + 2 = -o, -2*f = 3*o - 22. Let h = 9 - f. Suppose 8*p - h*p - 40 = 0. What is the tens digit of p?
1
Let z(c) = -2*c**2 - 1. Let h(j) = 5*j**2 + 35*j - 24. Let p(s) = -h(s) - 2*z(s). What is the tens digit of p(-20)?
2
Let n(i) = -i**3 + i**2 - 2*i + 4. Let f be n(-4). Suppose -f = -3*o - 8. Suppose -2*h + 0 = -o. What is the tens digit of h?
1
Let m = 2 + -2. Let l(r) be the third derivative of -r**6/120 + r**5/60 + r**4/24 + 35*r**3/6 - 50*r**2. What is the units digit of l(m)?
5
Let j = 55 - 25. Let i be (5616/240)/((-6)/(-40)). What is the units digit of i/j*(1 + 4)?
6
Suppose -3*o = w - 6746, -2*o - 7*w + 8*w = -4489. What is the units digit of o?
7
Suppose o - 5*g - 6 - 15 = 0, -2*o + 4*g + 18 = 0. Let p be -5*(-2 + -49 + o). Suppose -p = -5*j - 2*l, 4*l = l. What is the tens digit of j?
5
Let l(v) = -v**3 + 6*v**3 - 2*v**2 - 4*v**3 - 4*v + 7 + 0*v**3. Let p be l(3). What is the units digit of (-1 + p)*(-14)/(-6)?
7
Suppose -5*b - 15 = -5*j, -2*j = -3*b - 0*j - 11. Let c(s) = 3*s**2 - 9*s - 10. What is the tens digit of c(b)?
1
Let l(r) = 17*r - 37. What is the tens digit of l(15)?
1
Suppose l = 5*l - 20. Let u be -3 - l/(10/(-32)). Let a = u - -19. What is the tens digit of a?
3
Let i(g) = 15*g**2 - 20*g + 12. What is the hundreds digit of i(-7)?
8
Let s(l) = 27*l - 43. What is the tens digit of s(28)?
1
Suppose 5*m = 2*w + 181, 4*m + 5*w = 69 + 89. Let o = 116 - m. What is the tens digit of o?
7
Let s = -1062 + 1785. What is the tens digit of s?
2
Suppose 0 = 2*p + 4*w - 84, -110 = -4*p + 4*w + 22. What is the tens digit of (8/p)/(-1) - (-1856)/9?
0
Let a = -510 + 740. What is the units digit of a?
0
Let i(a) = -134*a - 36. Let d be i(-9). Suppose -15*l + 2175 = -d. What is the tens digit of l?
2
Suppose -48*d + 70*d - 32934 = 0. What is the thousands digit of d?
1
Let d(k) = 4*k**2 - 2*k + 1. Let w be d(-2). Suppose 2*b + 3 - w = 4*u, 4*b - 80 = -3*u. Let a = 6 + b. What is the units digit of a?
3
Suppose -3*l + 5*b + 287 = 0, -3*b = 6*l - 10*l + 368. Let d = l - 56. What is the tens digit of d?
3
Suppose -58 - 26 = -2*m. Suppose 0 = 2*d - 2*j - m, 4*j - 30 - 26 = -3*d. Suppose 2*w - 9 = 3*i, d = i + 3*i. What is the tens digit of w?
1
Suppose 0 = u - 5 - 0. Suppose 5*j + 5*k + 152 = -98, -38 = j + u*k. What is the units digit of j/(-2) + 24/(-16)?
5
Suppose -3*a - 12 = 3*v, -4*v = -3*a + v + 20. Suppose -5*i = -8*i + 6. Suppose a = -i*p - p + 45. What is the tens digit of p?
1
Let b = -150 - -155. Suppose 142 + 138 = b*h. What is the units digit of h?
6
Let h(b) = 78*b**3 - 3*b + 2. Let a be h(2). Suppose 25*w - 30*w + a = 0. What is the units digit of w?
4
Suppose -o - 2*v + 237 = -104, v - 2 = 0. What is the tens digit of o?
3
Suppose -1 = -w + 1. Suppose 3*x = w*r - 117, -2*x + 10 = 4. What is the units digit of r?
3
Let o = 361 + 4609. What is the tens digit of o?
7
Let a(v) be the second derivative of 5*v**3/3 - v**2/2 + 5*v. Let q be a(-3). Let t = 60 + q. What is the tens digit of t?
2
What is the hundreds digit of 761 + 4 + 21/(-3) - -5?
7
What is the tens digit of 3/(-9)*(-186)/4*18?
7
Suppose 0 = -2*m + 2*i + 6, -5*i + 3 = 2*m - 4*i. Suppose -7*f = -m*f - 85. Let h(c) = 2*c + 3. What is the tens digit of h(f)?
3
Suppose -2*m - 6 = 0, 3*m + 30 = 4*t - t. Suppose t*h + 498 = 13*h. What is the units digit of h?
3
Let n = 1680 - 320. Suppose 4*o = 14*o - n. What is the tens digit of o?
3
What is the units digit of (-182)/4*-2 + -5?
6
Suppose -v + 3684 = 3*c, 20*v - 24*v + c = -14775. What is the thousands digit of v?
3
Suppose r - 60 = -2*r. Let z = -22 + r. What is the units digit of -4 - (-11 - 1 - z)?
6
Let m be (2 - 1)/((-1)/(-4)). Let c be m/(-6)*(-10 + -5). Let p = -4 + c. What is the units digit of p?
6
Let n be 3 - (0 + 2 + -3). Let o(x) = -3*x - 2*x**2 + 8*x - 28 + 27 + 5*x. What is the units digit of o(n)?
7
Suppose -14 = -6*o + 46. What is the units digit of o*-2*2/(-8)?
5
Let c = 5 - 3. Suppose 0 = c*o + 2*o - 68. What is the units digit of o?
7
Suppose -16 + 9 = -u. Let d = u - -13. What is the tens digit of d?
2
Let q be 2/(-2 + 4)*(-3 - -2). What is the units digit of 0/(1 - -2) + (q - -10)?
9
Let i be (9/(-18))/((-2)/24). Suppose l + 200 = i*l. What is the tens digit of l?
4
Let f be 1*(-85)/10*2. Let o = f - -47. What is the units digit of o?
0
Let h(j) = j - 2. Let n(i) = 3*i - 4. Let c(b) = 10*h(b) - 6*n(b). What is the tens digit of c(-21)?
7
Suppose 104 = 4